etermine t(-4).
13
Let f(i) = -3*i**2 - 6*i + 5. Let l(u) = 4*u**2 + 9*u - 5. Let h(k) = -5*f(k) - 4*l(k). What is h(-8)?
-21
Let j(p) = 7*p. Suppose 2*q - 10 + 0 = 0, -90 = -4*n - 2*q. Suppose n*t - 19*t - 2 = 0. Give j(t).
14
Let b(r) be the first derivative of -r**4/4 + 8*r**3/3 - r**2 + 4*r + 84. Give b(8).
-12
Suppose -3*s = -0*s + 75. Let a = -17 - s. Suppose u + a = 5*u. Let d(i) = i**3 - 3*i + 1. Determine d(u).
3
Let w(j) = 16*j**3 + 7*j**2 + 14*j - 3. Let u(m) = 9*m**3 + 3*m**2 + 7*m - 2. Let s(p) = 7*u(p) - 4*w(p). Calculate s(-6).
4
Let s(r) = 1. Let a(h) = -2*h - 2. Let i(p) = a(p) + 6*s(p). Let q be ((-15)/12)/((-5)/(-20)). What is i(q)?
14
Suppose 10*t - 144 = 6*t. Suppose 5*r - t + 31 = 0. Let c(v) = v**2 + 2*v - 1. Calculate c(r).
2
Let f(p) = -3*p - 6. Let g(x) be the second derivative of x**3 + x**2 - 22*x. Let k be g(-1). What is f(k)?
6
Let y(s) be the second derivative of 0 + 1/12*s**4 + 1/2*s**2 - 1/6*s**3 - 4*s + 3/20*s**5. Let z be y(1). Let g(r) = -r**2 + 5*r + 3. Give g(z).
7
Let l(z) = z**2 - 6*z + 5. Let v be l(10). Suppose -2*w = -7*w - v. Let t(a) = a**2 + 9*a - 6. Determine t(w).
-6
Let r = -15 + 20. Let q(p) = 2*p + 0*p - p + r. Calculate q(-6).
-1
Suppose 2*k = 5*k - 3*j - 153, -2*k + 3*j + 97 = 0. Let z(p) = -2*p + 113 - k - 63. Determine z(-6).
6
Let n(v) = 2*v**2 + 6*v + 1. Let c(z) = -z**2 - 3*z. Let y(l) = -5*c(l) - 3*n(l). Determine y(-4).
-7
Let b = 2 - -6. Let x = 10 - b. Suppose -p + 4 = -x*p. Let h(s) = -s**2 - 6*s - 5. Calculate h(p).
3
Suppose 27*h - 29*h + 8 = 0. Let b be h/2 - (-7 - -9). Let k = -3 + b. Let d(i) = i**2 - 2. What is d(k)?
7
Let v(d) = -13 - d**2 + 4 + 15*d - 21*d. What is v(-7)?
-16
Let d(b) = b - 8. Let m(c) = 3*c - 15. Let n(f) = -5*d(f) + 3*m(f). Let s = 14 - 11. Suppose 8 = s*x - z, 4*x = 6*z - 4*z + 8. Determine n(x).
11
Let v(y) be the first derivative of -y**4/4 + 4*y**3/3 - y**2/2 - y - 529. Give v(3).
5
Let i(p) = 3*p**3 - 14*p**2 + 38*p - 45. Let x(w) = -2*w**3 + 10*w**2 - 25*w + 30. Let s(u) = 5*i(u) + 8*x(u). What is s(9)?
6
Let y(f) be the second derivative of -f**5/20 - f**4/4 + 2*f**3/3 + f**2 - 38*f. Give y(-4).
2
Let k be (-32)/24*(1 + (-30)/12). Let a(j) = j**3 + j**2 - 2*j - 1. Determine a(k).
7
Let p = 12 - 5. Let a = p + -5. Let f(d) = -a*d**3 - 5 + 5 + d + d. What is f(2)?
-12
Let k(l) = -10 + 4*l**2 - 20*l + 0*l**2 + 24*l + 39 - 5*l**2. Determine k(8).
-3
Let l(d) = 16*d**2 + d - 4. Let i(j) = 17*j**2 + j - 5. Let a(r) = 4*i(r) - 5*l(r). Suppose 0 + 1 = n. Let u(y) = y**2 - 2*y + 2. Let m be u(n). Determine a(m).
-13
Let v(p) = -15*p**3 - p**2 - 3*p - 3. Let r be v(-1). Let j be 94/(-30) - r/(-105). Let i(d) = d**3 + 4*d**2 + 4*d + 2. Give i(j).
-1
Let l(m) = 3*m - 10. Let f(v) = -v + 2. Let i(b) = -4*f(b) - l(b). Give i(-5).
-3
Let w(q) = 0*q - 13 - q**2 - 6*q + 0*q - 6*q. Let j be w(-6). Let v = 19 - j. Let y(f) = -f**2 - 2*f + 4. Determine y(v).
-4
Let r(n) be the third derivative of -n**6/720 + n**5/120 - 7*n**4/24 + 15*n**2. Let o(m) be the second derivative of r(m). Determine o(-6).
7
Let a(u) = 5*u. Let t be a(1). Suppose t*l - 3 + 17 = -4*v, 6 = -3*l. Let o(g) = -3*g**3 + 5 - 3 - 3 - 4*g + 2*g. Determine o(v).
4
Let k(d) = d**2 - 4*d. Suppose 2*j = 34*j - 96. Calculate k(j).
-3
Let u(p) be the third derivative of -6*p**2 - 1/24*p**4 + 0 - 1/20*p**5 + 1/6*p**3 + 0*p. Suppose -14 = q + 3*y, 30 = -3*q - 2*q - 5*y. Give u(q).
-9
Let z = 1 - -2. Let h(i) = -z + 2*i - 3 + 4. Let k(n) = -208*n + 2698. Let p be k(13). Give h(p).
-14
Let k(o) = o + 3. Let b be k(3). Let m(r) = -2*r - 14. Let j be m(-7). Let q(g) = 10*g**2 - 1 + 7*g - 11*g**2 + j. Calculate q(b).
5
Suppose -12 = -4*j + 12. Let s = j + -4. Let g(c) = s*c - 8 + 6 - c + 0*c. What is g(-3)?
-5
Suppose -9*j = -0*j + 234. Let i = -27 - j. Let r(y) = -5*y + 1. Determine r(i).
6
Let b(a) be the third derivative of -a**5/60 - a**4/24 - 3*a**2. Let r = 197 - 200. Calculate b(r).
-6
Let m(y) = y + 2. Let u(z) be the third derivative of -z**4/12 - 2*z**3/3 + z**2. Let d(c) = -7*m(c) - 4*u(c). Suppose 25 - 75 = -51*p + 103. Determine d(p).
5
Let p(h) = -h**2 - 3. Let a(g) = g**3 - g**2 - 7*g + 19. Let t(z) = a(z) + 4*p(z). Calculate t(6).
1
Let f(n) = 41*n**3 - 10*n**3 - 19*n**3 + 5*n**2 - 11*n**3 + 3. Suppose -10 = -u + 3*u. Determine f(u).
3
Let p(k) = -k**2 + 17*k. Suppose -5*l = 20, -5*c + 18*l = 17*l - 89. What is p(c)?
0
Let r(k) = -5*k**2 - k. Suppose 2*s = 5*h - 18, -6 = -2*h - 0*h + 2*s. Suppose h*j - 39 = -5*n, j - 2 = -1. Suppose -n*d - 7 = 7. Calculate r(d).
-18
Let i(x) = x**3 + 7*x**2 + 10. Let g be (2 - 1)*5 + -1 + 0. Suppose n = u + 7, -4*u - g*n - 3 = 25. Determine i(u).
10
Let q be ((-3)/5)/(1/(-5)). Suppose -3 = 3*u - a, 6*u + 3*a - 9 = q*u. Let b(s) = s - 5. Give b(u).
-5
Let b(j) = -30*j + 265. Let p be b(9). Let i(w) = -2*w**2 - 9*w + 12. What is i(p)?
7
Let r(d) = -d**3 - 3*d**2. Suppose 18 = -w + 50. Let c = w + -36. Calculate r(c).
16
Let k be (0/1)/((2 - -5)/7). Let p(x) be the third derivative of -x**7/5040 + x**5/20 + 2*x**2. Let l(z) be the third derivative of p(z). Give l(k).
0
Let q be (-50)/6 - (-1)/3. Let r(i) = -22*i**2 + 2 + 1 + 7*i + 5 + 11*i**2 + 12*i**2. Calculate r(q).
16
Let j(v) = -v**3 + 5*v**2 + 7*v - 3. Suppose 6*l = 19 + 17. Let r = -2 + l. Suppose 2*s = -r*w + 24, 5*s + 3 + 15 = 3*w. Give j(w).
3
Let g(z) = z**3 - 8*z**2 - 4*z + 9. Let p = 773 + -765. What is g(p)?
-23
Let h = -1034 - -1030. Let n(j) = 2*j - 3. What is n(h)?
-11
Let y(o) = -o**3 - 9*o**2 + 19*o - 29. Let w be y(-11). Let d(s) = -s**2 + 4*s + 3. Calculate d(w).
3
Let g(n) be the first derivative of -11*n**4/4 + n**3/3 + n**2 - 2*n + 752. Calculate g(1).
-10
Let f(u) = 2*u**2 - 7*u - 18. Let j(o) = o**2 - 4*o - 10. Let g(b) = -3*f(b) + 5*j(b). What is g(3)?
-2
Let l(w) = -w**2 + 5*w + 3. Let v(q) be the third derivative of q**5/60 - q**4/12 + q**3/2 - 25*q**2. Let o be v(0). What is l(o)?
9
Let j(t) be the third derivative of t**4/8 - 2*t**3/3 - 2*t**2 - 25. Let g be (-4)/(-10) - (-324)/15. Suppose 4*u - g = -5*a, u + 5*a = 4*a + 5. What is j(u)?
5
Let f(w) = 9*w - 179. Let z be f(21). Let d(m) = m**3 - 10*m**2 - 2*m - 13. Determine d(z).
-33
Suppose 5*j + 12 = -8. Suppose 0 = -4*t + 44 - 8. Let w = t + j. Let q(r) = -r + 12. Calculate q(w).
7
Let p(k) = -k**2 - 9*k. Let x(j) = 2*j - 24. Let w be x(8). Determine p(w).
8
Let q(l) = -l**3 + 2*l**2 - 1. Let j(o) = -o**3 - 64*o**2 + 64*o - 64. Let v be j(-65). What is q(v)?
0
Suppose 0 = 5*v - 346 + 351. Let n(u) = -19*u. Give n(v).
19
Let j be 3*(24/(-4) - -1). Let k = -13 - j. Suppose 2*l + 14 = k*w, -w + 3 = 2. Let f(b) = b**3 + 7*b**2 + 7*b + 9. Calculate f(l).
3
Let t(c) = 4*c**2 - c**3 + 4*c**2 - 8*c + 2*c**2 - 58 + 29 + 36. What is t(9)?
16
Suppose 45*v + 153 = -6*v. Let c(t) = 1 - 5 + 4*t + t**2 + 0. Give c(v).
-7
Let r(p) = 16*p**2 + p. Suppose -2*m = 5*v - 27 + 14, 5*m - 4*v = -17. Calculate r(m).
15
Let w be 45/15 + 0 + 1. Suppose -4*x - 4 - w = 0. Let m(l) = -5*l**3 + l**2 - 7*l + 1. Let i(z) = 4*z**3 + 6*z. Let h(t) = -4*i(t) - 3*m(t). Determine h(x).
-1
Suppose -4*u + 3*r + 18 = 0, 2*r - 16 = 2*u - 4*u. Suppose 0 = 2*p + 6 - 14. Let x(a) = -p + 8*a + 2 + 3 - a**2 - 4. Give x(u).
9
Suppose 0*g = 3*k + g - 14, 5*k - 14 = 3*g. Let t be ((-2)/4 + k)*2*-1. Let h(m) = m**3 + 7*m**2 - 4*m - 6. Calculate h(t).
22
Let d = 2 - 10. Let y(n) = -n**2 - 6*n + 11. Calculate y(d).
-5
Let r(d) = d**3 - 7*d**2 + 7*d - 3. Let m be r(6). Suppose -m*q - 3*s - 6 = 0, 5*q = 2*s + 7 - 3. Let a(h) = -1 - 312*h + 313*h - 4. Determine a(q).
-5
Let u = 112 + -23. Let o = 87 - u. Let h(d) = -6*d**2 - 3*d - 1. Calculate h(o).
-19
Let z(g) = g - 9. Let b(w) = w - 4. Let s(c) = c**3 - 1. Let p be s(1). Suppose 0*l - 3*l + 6 = 2*f, 4*l = p. Let h(t) = f*z(t) - 5*b(t). Calculate h(-7).
7
Let s(l) = -91*l - 12295 + 30*l + 12294 - 27*l. What is s(-1)?
87
Let c(d) = d**2 + 16*d - 22. Let u = 4 - 21. Give c(u).
-5
Let d(l) be the first derivative of l**5/3 + l**4/12 + l**3/6 - 17*l**2/2 - 6. Let o(g) be the second derivative of d(g). Determine o(-1).
19
Let m = -6 - -1. Suppose -3*s + 2*t = -23, 2*s - t = -s + 22. Let d(v) = -6*v - 9*v**2 - 6 - v**3 + 3*v**2 + 5*v - s*v. Calculate d(m).
9
Let r(v) be the first derivative of 1/3*v**3 - v - 3/2*v**2 - 19. Determine r(6).